{"id":575,"date":"2019-11-05T19:19:37","date_gmt":"2019-11-05T19:19:37","guid":{"rendered":"http:\/\/www.mapamundimusica.com\/viguela\/?page_id=575"},"modified":"2024-11-03T09:09:19","modified_gmt":"2024-11-03T09:09:19","slug":"bio","status":"publish","type":"page","link":"https:\/\/www.mapamundimusica.com\/viguela\/bio\/","title":{"rendered":"Bio"},"content":{"rendered":"<div id=\"fb-root\"><\/div>\n<p><\/p>\n<h5 style=\"text-align: right;\"><a href=\"http:\/\/www.mapamundimusica.com\/viguela\/%E7%BB%B4%E5%8F%A4%E6%8B%89-%E4%B9%90%E9%98%9F\/\">\u666e\u901a\u8bdd\u4f20\u8bb0<\/a><\/h5>\n<h5><span style=\"color: #ff9900;\">La historia de Vig\u00fcela es la historia de una entrega vital a un legado cultural de una belleza salvaje y muy ignorada: la m\u00fasica tradicional del centro de la Pen\u00ednsula Ib\u00e9rica.\u00a0<\/span><\/h5>\n<figure style=\"width: 384px\" class=\"wp-caption alignright\"><img loading=\"lazy\" class=\"\" src=\"https:\/\/upload.wikimedia.org\/wikipedia\/commons\/1\/13\/Plaza_de_Menasalbas.JPG\" alt=\"\" width=\"384\" height=\"288\" \/><figcaption class=\"wp-caption-text\"><span style=\"font-family: arial, helvetica, sans-serif; font-size: 8pt;\">Menasalbas. De Wikipedia, user:lmrm <\/span><\/figcaption><\/figure>\n<p>Vig\u00fcela naci\u00f3 a mediados de los a\u00f1os 80, como muchos otros grupos de j\u00f3venes que, tras el r\u00e9gimen franquista, buscaron en las manifestaciones populares de su tierra una manera de canalizar sus ansias creativas, sin tener que adoptar estilos musicales que les resultaban ajenos.<\/p>\n<p>Sin embargo, Vig\u00fcela siempre son\u00f3 diferente. \u00bfPor qu\u00e9? Seguramente, la an\u00e9cdota que Juan Antonio Torres explica en el libreto del disco <em>A Tiempo Real<\/em> nos ayudar\u00e1 a atisbar ese porqu\u00e9:<\/p>\n<blockquote><p>Cuando ten\u00eda alrededor de 20 a\u00f1os, estuve en Menasalbas (Toledo) para visitar a la T\u00eda Chata, gran cantaora de jota. Llegu\u00e9 con mi guitarra para tocar y que ella cantara. Una vez all\u00ed, empec\u00e9 a tocar y la se\u00f1ora no se \u00abarrancaba\u00bb a cantar&#8230; Despu\u00e9s de varios intentos, ella se manifest\u00f3 y me dijo: \u00abGuapo, no sabes tocar la jota. Te vas a esperar a que venga mi marido del trabajo, que \u00e9l s\u00ed sabe\u00bb. All\u00ed permanec\u00ed esperando.<\/p>\n<p>Cuando lleg\u00f3 su marido al anochecer, cogi\u00f3 mi guitarra, us\u00f3 un lapicero atado con un cordel para colocar la cejilla en el primer traste y puso postura de re mayor. Empez\u00f3 a mover la mano derecha en la guitarra haciendo una secuencia desconocida para m\u00ed, pero que marcaba lo que la T\u00eda Chata necesitaba para cantar jota y, que yo antes, no le estaba dando. Esa forma de tocar parec\u00eda f\u00e1cil, pero cuando quise reproducirla para que ella cantara, no supe.<\/p>\n<p>M\u00e1s adelante me percat\u00e9 de que tocar as\u00ed la guitarra para hacer jota era com\u00fan en todos los sitios. La T\u00eda Chata me demostr\u00f3 que yo no sab\u00eda tocar jota, aun conociendo y sabiendo ejecutar los ritmos con los que se identifica generalmente la jota en el lenguaje acad\u00e9mico de los cancioneros.<\/p><\/blockquote>\n<p><img loading=\"lazy\" class=\"wp-image-577 alignleft\" src=\"http:\/\/www.mapamundimusica.com\/viguela\/wp-content\/uploads\/2019\/11\/IMG_8565-e1572981732171-1024x683.jpg\" alt=\"\" width=\"458\" height=\"305\" srcset=\"https:\/\/www.mapamundimusica.com\/viguela\/wp-content\/uploads\/2019\/11\/IMG_8565-e1572981732171-1024x683.jpg 1024w, https:\/\/www.mapamundimusica.com\/viguela\/wp-content\/uploads\/2019\/11\/IMG_8565-e1572981732171-300x200.jpg 300w, https:\/\/www.mapamundimusica.com\/viguela\/wp-content\/uploads\/2019\/11\/IMG_8565-e1572981732171-768x512.jpg 768w\" sizes=\"(max-width: 458px) 100vw, 458px\" \/>Esta an\u00e9cdota supuso el inicio de la b\u00fasqueda de un camino al que solo muchos a\u00f1os despu\u00e9s han llegado: la b\u00fasqueda de los c\u00f3digos de interpretaci\u00f3n de la T\u00eda Chata, su generaci\u00f3n y otras muchas anteriores, pero tambi\u00e9n m\u00e1s nuevas, que han mantenido un lenguaje musical paralelo al de la m\u00fasica basada en conceptos del mundo acad\u00e9mico, como comp\u00e1s, afinaci\u00f3n, ritmo\u2026 que, en la m\u00fasica de la T\u00eda Chata y su marido, en caso de existir, no significaban lo mismo.<\/p>\n<h5><\/h5>\n<h5 style=\"text-align: center;\"><span style=\"color: #ff9900;\">Un legado musical que no necesita justificaciones rom\u00e1nticas ni etnogr\u00e1ficas para ponerse en valor.\u00a0<\/span><\/h5>\n<p>Con el tiempo vieron que hab\u00eda gente joven que s\u00ed sab\u00eda tocar la jota a la manera de la T\u00eda Chata, que ese c\u00f3digo se utilizaba como un lenguaje que un\u00eda a las generaciones y que las particularidades de esta forma de interpretar pod\u00edan resultar dif\u00edciles de expresar, incluso huidizas a la consciencia y a la descripci\u00f3n, pero eran precisamente el vector para transmitir la enorme carga emocional y comunicativa que tiene la m\u00fasica del pueblo hecha a su manera.<\/p>\n<blockquote><p>Con nuestra m\u00fasica queremos que las personas de diferentes edades puedan interactuar disfrut\u00e1ndola y proseguir su conexi\u00f3n intergeneracional<\/p><\/blockquote>\n<p>&nbsp;<\/p>\n<p>Vig\u00fcela es el primer grupo en llevar los estilos tradicionales (jota, seguidilla, fandango, son), interpretados como en su entorno natural, con una gran parte de improvisaci\u00f3n, y con un <strong>enfoque de excelencia art\u00edstica<\/strong>, a los escenarios profesionales internacionales de las m\u00fasicas del mundo.<\/p>\n<p>Han actuado en <strong>festivales de referencia mundial<\/strong>, como WOMAD UK, Forde en Noruega o la programaci\u00f3n Klangkosmos, con 12 conciertos en Alemania. En 2019 actuaron en Espa\u00f1a, Polonia (mayo y julio), Alemania, Eslovenia (foto de portada, en festival Okarina en Bled), Portugal, Serbia y Uzbekist\u00e1n.<\/p>\n<p>Han realizado <strong>talleres de m\u00fasica y baile<\/strong> en Espa\u00f1a, Inglaterra, Polonia, Chipre, Suecia, Alemania y Rep\u00fablica Checa.<\/p>\n<p>Tienen 10 <strong>trabajos discogr\u00e1ficos. <\/strong>Del s\u00e9ptimo al noveno han sido editados y distribuidos internacionalmente por el sello brit\u00e1nico ARC Music. El d\u00e9cimo, We, por Mapamundi M\u00fasica. Consulta <a href=\"https:\/\/www.mapamundimusica.com\/viguela\/discos\/\">Discograf\u00eda<\/a> para m\u00e1s detalles.<\/p>\n<p>El enfoque del trabajo es, como dec\u00edamos, de excelencia art\u00edstica. En el mercado internacional, el valor etnogr\u00e1fico o identitario no bastan para sostener un producto, si no tiene un valor art\u00edstico intr\u00ednseco. Y, al mismo tiempo, nuestra m\u00fasica transmite los elementos diferenciales de este corpus art\u00edstico, sin amaneramientos o fusiones.<\/p>\n<p>&nbsp;<\/p>\n<h1>M\u00c1S ACERCA DE LOS COMPONENTES CENTRALES<\/h1>\n<p>Por orden alfab\u00e9tico:<\/p>\n<h4><strong>Carmen Torres<\/strong>. Voz y percusiones. Oriunda de El Carpio de Tajo.<\/h4>\n<p><iframe src=\"https:\/\/www.youtube.com\/embed\/m59kkvWb1hA\" width=\"680\" height=\"400\" frameborder=\"0\" allowfullscreen=\"allowfullscreen\"><span data-mce-type=\"bookmark\" style=\"display: inline-block; width: 0px; overflow: hidden; line-height: 0;\" class=\"mce_SELRES_start\">\ufeff<\/span><span data-mce-type=\"bookmark\" style=\"display: inline-block; width: 0px; overflow: hidden; line-height: 0;\" class=\"mce_SELRES_start\">\ufeff<\/span><span data-mce-type=\"bookmark\" style=\"display: inline-block; width: 0px; overflow: hidden; line-height: 0;\" class=\"mce_SELRES_start\">\ufeff<\/span><\/iframe><\/p>\n<blockquote><p>\u00abVig\u00fcela es mi segunda familia, disfruto aprendiendo con el grupo, me ayuda a desconectar de la rutina diaria. Resumiendo: me lo paso genial porque me gusta much\u00edsimo cantar, bailar y trabajar con ellos.\u00bb<\/p><\/blockquote>\n<p>&nbsp;<\/p>\n<hr \/>\n<h1><\/h1>\n<h4><strong>Juan Antonio Torres.<\/strong> Voz, percusiones, guitarra, rabel. Oriundo de El Carpio de Tajo.<\/h4>\n<p><iframe src=\"https:\/\/www.youtube.com\/embed\/EY2b94cFQxQ\" width=\"680\" height=\"400\" frameborder=\"0\" allowfullscreen=\"allowfullscreen\"><span data-mce-type=\"bookmark\" style=\"display: inline-block; width: 0px; overflow: hidden; line-height: 0;\" class=\"mce_SELRES_start\">\ufeff<\/span><span data-mce-type=\"bookmark\" style=\"display: inline-block; width: 0px; overflow: hidden; line-height: 0;\" class=\"mce_SELRES_start\">\ufeff<\/span><\/iframe><\/p>\n<blockquote><p>\u00abGracias a Vig\u00fcela puedo comprobar que mi trabajo y estudio en estas m\u00fasicas no es solamente mi verdad, sino tambi\u00e9n la de mis compa\u00f1eros. Un verdadero placer.\u00bb<\/p><\/blockquote>\n<hr \/>\n<h4><strong>Mari Nieto.<\/strong> Voz y percusiones. Oriunda de El Carpio de Tajo.<\/h4>\n<p><iframe src=\"https:\/\/www.youtube.com\/embed\/UQ6SEoRkICQ\" width=\"680\" height=\"400\" frameborder=\"0\" allowfullscreen=\"allowfullscreen\"><span data-mce-type=\"bookmark\" style=\"display: inline-block; width: 0px; overflow: hidden; line-height: 0;\" class=\"mce_SELRES_start\">\ufeff<\/span><\/iframe><\/p>\n<blockquote><p>\u00abPara m\u00ed&#8230; pertenecer a Vig\u00fcela significa mucho. No solamente es un placer: tambi\u00e9n es un honor. Me ha dado la oportunidad de conocer, disfrutar y aprender con \u00ablos mejores\u00bb\u00bb.<\/p><\/blockquote>\n<p>&nbsp;<\/p>\n<hr \/>\n<p><\/p>","protected":false},"excerpt":{"rendered":"<p>\u666e\u901a\u8bdd\u4f20\u8bb0 La historia de Vig\u00fcela es la historia de una entrega vital a un legado cultural de una belleza salvaje y muy ignorada: la m\u00fasica tradicional del centro de la Pen\u00ednsula Ib\u00e9rica.\u00a0 Vig\u00fcela naci\u00f3 a mediados de los a\u00f1os 80, como muchos otros grupos de j\u00f3venes que, tras el r\u00e9gimen franquista, buscaron en las manifestaciones [&hellip;]<\/p>\n","protected":false},"author":1,"featured_media":0,"parent":0,"menu_order":0,"comment_status":"closed","ping_status":"closed","template":"","meta":[],"_links":{"self":[{"href":"https:\/\/www.mapamundimusica.com\/viguela\/wp-json\/wp\/v2\/pages\/575"}],"collection":[{"href":"https:\/\/www.mapamundimusica.com\/viguela\/wp-json\/wp\/v2\/pages"}],"about":[{"href":"https:\/\/www.mapamundimusica.com\/viguela\/wp-json\/wp\/v2\/types\/page"}],"author":[{"embeddable":true,"href":"https:\/\/www.mapamundimusica.com\/viguela\/wp-json\/wp\/v2\/users\/1"}],"replies":[{"embeddable":true,"href":"https:\/\/www.mapamundimusica.com\/viguela\/wp-json\/wp\/v2\/comments?post=575"}],"version-history":[{"count":22,"href":"https:\/\/www.mapamundimusica.com\/viguela\/wp-json\/wp\/v2\/pages\/575\/revisions"}],"predecessor-version":[{"id":1454,"href":"https:\/\/www.mapamundimusica.com\/viguela\/wp-json\/wp\/v2\/pages\/575\/revisions\/1454"}],"wp:attachment":[{"href":"https:\/\/www.mapamundimusica.com\/viguela\/wp-json\/wp\/v2\/media?parent=575"}],"curies":[{"name":"wp","href":"https:\/\/api.w.org\/{rel}","templated":true}]}}

<div id="fb-root"></div>
<p></p>
<h5 style="text-align: right;"><a href="http://www.mapamundimusica.com/viguela/%E7%BB%B4%E5%8F%A4%E6%8B%89-%E4%B9%90%E9%98%9F/">普通话传记</a></h5>
<h5><span style="color: #ff9900;">La historia de Vigüela es la historia de una entrega vital a un legado cultural de una belleza salvaje y muy ignorada: la música tradicional del centro de la Península Ibérica. </span></h5>
<figure style="width: 384px" class="wp-caption alignright"><img loading="lazy" class="" src="https://upload.wikimedia.org/wikipedia/commons/1/13/Plaza_de_Menasalbas.JPG" alt="" width="384" height="288" /><figcaption class="wp-caption-text"><span style="font-family: arial, helvetica, sans-serif; font-size: 8pt;">Menasalbas. De Wikipedia, user:lmrm </span></figcaption></figure>
<p>Vigüela nació a mediados de los años 80, como muchos otros grupos de jóvenes que, tras el régimen franquista, buscaron en las manifestaciones populares de su tierra una manera de canalizar sus ansias creativas, sin tener que adoptar estilos musicales que les resultaban ajenos.</p>
<p>Sin embargo, Vigüela siempre sonó diferente. ¿Por qué? Seguramente, la anécdota que Juan Antonio Torres explica en el libreto del disco <em>A Tiempo Real</em> nos ayudará a atisbar ese porqué:</p>
<blockquote><p>Cuando tenía alrededor de 20 años, estuve en Menasalbas (Toledo) para visitar a la Tía Chata, gran cantaora de jota. Llegué con mi guitarra para tocar y que ella cantara. Una vez allí, empecé a tocar y la señora no se «arrancaba» a cantar&#8230; Después de varios intentos, ella se manifestó y me dijo: «Guapo, no sabes tocar la jota. Te vas a esperar a que venga mi marido del trabajo, que él sí sabe». Allí permanecí esperando.</p>
<p>Cuando llegó su marido al anochecer, cogió mi guitarra, usó un lapicero atado con un cordel para colocar la cejilla en el primer traste y puso postura de re mayor. Empezó a mover la mano derecha en la guitarra haciendo una secuencia desconocida para mí, pero que marcaba lo que la Tía Chata necesitaba para cantar jota y, que yo antes, no le estaba dando. Esa forma de tocar parecía fácil, pero cuando quise reproducirla para que ella cantara, no supe.</p>
<p>Más adelante me percaté de que tocar así la guitarra para hacer jota era común en todos los sitios. La Tía Chata me demostró que yo no sabía tocar jota, aun conociendo y sabiendo ejecutar los ritmos con los que se identifica generalmente la jota en el lenguaje académico de los cancioneros.</p></blockquote>
<p><img loading="lazy" class="wp-image-577 alignleft" src="http://www.mapamundimusica.com/viguela/wp-content/uploads/2019/11/IMG_8565-e1572981732171-1024x683.jpg" alt="" width="458" height="305" srcset="https://www.mapamundimusica.com/viguela/wp-content/uploads/2019/11/IMG_8565-e1572981732171-1024x683.jpg 1024w, https://www.mapamundimusica.com/viguela/wp-content/uploads/2019/11/IMG_8565-e1572981732171-300x200.jpg 300w, https://www.mapamundimusica.com/viguela/wp-content/uploads/2019/11/IMG_8565-e1572981732171-768x512.jpg 768w" sizes="(max-width: 458px) 100vw, 458px" />Esta anécdota supuso el inicio de la búsqueda de un camino al que solo muchos años después han llegado: la búsqueda de los códigos de interpretación de la Tía Chata, su generación y otras muchas anteriores, pero también más nuevas, que han mantenido un lenguaje musical paralelo al de la música basada en conceptos del mundo académico, como compás, afinación, ritmo… que, en la música de la Tía Chata y su marido, en caso de existir, no significaban lo mismo.</p>
<h5></h5>
<h5 style="text-align: center;"><span style="color: #ff9900;">Un legado musical que no necesita justificaciones románticas ni etnográficas para ponerse en valor. </span></h5>
<p>Con el tiempo vieron que había gente joven que sí sabía tocar la jota a la manera de la Tía Chata, que ese código se utilizaba como un lenguaje que unía a las generaciones y que las particularidades de esta forma de interpretar podían resultar difíciles de expresar, incluso huidizas a la consciencia y a la descripción, pero eran precisamente el vector para transmitir la enorme carga emocional y comunicativa que tiene la música del pueblo hecha a su manera.</p>
<blockquote><p>Con nuestra música queremos que las personas de diferentes edades puedan interactuar disfrutándola y proseguir su conexión intergeneracional</p></blockquote>
<p>&nbsp;</p>
<p>Vigüela es el primer grupo en llevar los estilos tradicionales (jota, seguidilla, fandango, son), interpretados como en su entorno natural, con una gran parte de improvisación, y con un <strong>enfoque de excelencia artística</strong>, a los escenarios profesionales internacionales de las músicas del mundo.</p>
<p>Han actuado en <strong>festivales de referencia mundial</strong>, como WOMAD UK, Forde en Noruega o la programación Klangkosmos, con 12 conciertos en Alemania. En 2019 actuaron en España, Polonia (mayo y julio), Alemania, Eslovenia (foto de portada, en festival Okarina en Bled), Portugal, Serbia y Uzbekistán.</p>
<p>Han realizado <strong>talleres de música y baile</strong> en España, Inglaterra, Polonia, Chipre, Suecia, Alemania y República Checa.</p>
<p>Tienen 10 <strong>trabajos discográficos. </strong>Del séptimo al noveno han sido editados y distribuidos internacionalmente por el sello británico ARC Music. El décimo, We, por Mapamundi Música. Consulta <a href="https://www.mapamundimusica.com/viguela/discos/">Discografía</a> para más detalles.</p>
<p>El enfoque del trabajo es, como decíamos, de excelencia artística. En el mercado internacional, el valor etnográfico o identitario no bastan para sostener un producto, si no tiene un valor artístico intrínseco. Y, al mismo tiempo, nuestra música transmite los elementos diferenciales de este corpus artístico, sin amaneramientos o fusiones.</p>
<p>&nbsp;</p>
<h1>MÁS ACERCA DE LOS COMPONENTES CENTRALES</h1>
<p>Por orden alfabético:</p>
<h4><strong>Carmen Torres</strong>. Voz y percusiones. Oriunda de El Carpio de Tajo.</h4>
<p><iframe src="https://www.youtube.com/embed/m59kkvWb1hA" width="680" height="400" frameborder="0" allowfullscreen="allowfullscreen"><span data-mce-type="bookmark" style="display: inline-block; width: 0px; overflow: hidden; line-height: 0;" class="mce_SELRES_start">﻿</span><span data-mce-type="bookmark" style="display: inline-block; width: 0px; overflow: hidden; line-height: 0;" class="mce_SELRES_start">﻿</span><span data-mce-type="bookmark" style="display: inline-block; width: 0px; overflow: hidden; line-height: 0;" class="mce_SELRES_start">﻿</span></iframe></p>
<blockquote><p>«Vigüela es mi segunda familia, disfruto aprendiendo con el grupo, me ayuda a desconectar de la rutina diaria. Resumiendo: me lo paso genial porque me gusta muchísimo cantar, bailar y trabajar con ellos.»</p></blockquote>
<p>&nbsp;</p>
<hr />
<h1></h1>
<h4><strong>Juan Antonio Torres.</strong> Voz, percusiones, guitarra, rabel. Oriundo de El Carpio de Tajo.</h4>
<p><iframe src="https://www.youtube.com/embed/EY2b94cFQxQ" width="680" height="400" frameborder="0" allowfullscreen="allowfullscreen"><span data-mce-type="bookmark" style="display: inline-block; width: 0px; overflow: hidden; line-height: 0;" class="mce_SELRES_start">﻿</span><span data-mce-type="bookmark" style="display: inline-block; width: 0px; overflow: hidden; line-height: 0;" class="mce_SELRES_start">﻿</span></iframe></p>
<blockquote><p>«Gracias a Vigüela puedo comprobar que mi trabajo y estudio en estas músicas no es solamente mi verdad, sino también la de mis compañeros. Un verdadero placer.»</p></blockquote>
<hr />
<h4><strong>Mari Nieto.</strong> Voz y percusiones. Oriunda de El Carpio de Tajo.</h4>
<p><iframe src="https://www.youtube.com/embed/UQ6SEoRkICQ" width="680" height="400" frameborder="0" allowfullscreen="allowfullscreen"><span data-mce-type="bookmark" style="display: inline-block; width: 0px; overflow: hidden; line-height: 0;" class="mce_SELRES_start">﻿</span></iframe></p>
<blockquote><p>«Para mí&#8230; pertenecer a Vigüela significa mucho. No solamente es un placer: también es un honor. Me ha dado la oportunidad de conocer, disfrutar y aprender con «los mejores»».</p></blockquote>
<p>&nbsp;</p>
<hr />
<p></p>

<p>普通话传记 La historia de Vigüela es la historia de una entrega vital a un legado cultural de una belleza salvaje y muy ignorada: la música tradicional del centro de la Península Ibérica.  Vigüela nació a mediados de los años 80, como muchos otros grupos de jóvenes que, tras el régimen franquista, buscaron en las manifestaciones [&hellip;]</p>
