{"id":524,"date":"2019-11-05T17:33:10","date_gmt":"2019-11-05T17:33:10","guid":{"rendered":"http:\/\/www.mapamundimusica.com\/viguela\/?page_id=524"},"modified":"2019-11-05T17:33:10","modified_gmt":"2019-11-05T17:33:10","slug":"dicen-de-nosotros","status":"publish","type":"page","link":"https:\/\/www.mapamundimusica.com\/viguela\/dicen-de-nosotros\/","title":{"rendered":"Dicen de nosotros&#8230;"},"content":{"rendered":"<div id=\"fb-root\"><\/div>\n<p><\/p>\n<h3 style=\"text-align: center;\">Gracias, gente incre\u00edble que dec\u00eds estas cosas sobre nosotros:<\/h3>\n<blockquote><p>\u00abNo puedo guard\u00e1rmelo para m\u00ed. Tuve la oportunidad de escuchar a Vig\u00fcela en directo al fin!!!! Guau\u2026 realmente me gustaron\u2026 Realmente asombroso\u2026 de verdad.\u00bb\u00a0<em>Zsuzsanna Ker\u00e9nyi. Cultural manager, Hungarian Heritage House<\/em><\/p>\n<p>\u00abVig\u00fcela are so authentic and sincere in their performance that the emotion of the songs is understood regardless of the language barrier and cultural difference [\u2026] Musicians, like magicians, took all these instruments \u00abfrom the hat,\u00bb and we, as children, watched enthusiastically what was happening on stage.\u00bb\u00a0<em>Ivana Ljubinkovi\u0107, Magazin Etnoumlje<\/em><\/p>\n<p>\u00abTras d\u00e9cadas de fusiones flamencas y mezclas mestizas, probablemente Espa\u00f1a est\u00e1 en urgente necesidad de algo de m\u00fasica de ra\u00edz cruca y sincera. [\u2026] El grupo Vig\u00fcela tiene la acreditaci\u00f3n definitiva.\u201d<em>\u00a0Chris Moss. Songlines, Julio 2017<\/em><\/p>\n<p>\u00abSpanish virtuosos\u00bb. \u00abCasta\u00f1uelas, cucharas, instrumentos de cocina, cencerros\u2026 en las manos de Vig\u00fcela se convierten en brillante m\u00fasica\u00bb. \u00abAbsolutamente brillante\u00bb. \u00abR\u00fastico, sustancioso, fant\u00e1stico sonido\u00bb.\u00a0<em>Comentarios en BBC-Radio 3 sobre su concierto en Womad UK escenario Charlie Gillet.<\/em><\/p>\n<p>\u00abMaravillosa propuesta. Lo encuentro lleno de creatividad, optimismo y alegr\u00eda.\u00bb <em>Daniel Sheehy (EEUU), curador y director de Smithsonian Folkways, EEUU<\/em><\/p>\n<p>\u00abVoces poderosas desde lo profundo de su ser traspasan mi mente y golpean directas al centro de mi coraz\u00f3n. Algo esencial est\u00e1 ocurriendo: un mensaje musical desde el centro de Espa\u00f1a, \u00fanico y, a la vez, universal.\u00bb\u00a0<em>Janusz Prusinowski (Polonia), artista y director del festival Mazurcas del Mundo de Varsovia, acerca de Vig\u00fcela<\/em><\/p><\/blockquote>\n<p><\/p>","protected":false},"excerpt":{"rendered":"<p>Gracias, gente incre\u00edble que dec\u00eds estas cosas sobre nosotros: \u00abNo puedo guard\u00e1rmelo para m\u00ed. Tuve la oportunidad de escuchar a Vig\u00fcela en directo al fin!!!! Guau\u2026 realmente me gustaron\u2026 Realmente asombroso\u2026 de verdad.\u00bb\u00a0Zsuzsanna Ker\u00e9nyi. Cultural manager, Hungarian Heritage House \u00abVig\u00fcela are so authentic and sincere in their performance that the emotion of the songs is [&hellip;]<\/p>\n","protected":false},"author":1,"featured_media":0,"parent":0,"menu_order":0,"comment_status":"closed","ping_status":"closed","template":"","meta":[],"_links":{"self":[{"href":"https:\/\/www.mapamundimusica.com\/viguela\/wp-json\/wp\/v2\/pages\/524"}],"collection":[{"href":"https:\/\/www.mapamundimusica.com\/viguela\/wp-json\/wp\/v2\/pages"}],"about":[{"href":"https:\/\/www.mapamundimusica.com\/viguela\/wp-json\/wp\/v2\/types\/page"}],"author":[{"embeddable":true,"href":"https:\/\/www.mapamundimusica.com\/viguela\/wp-json\/wp\/v2\/users\/1"}],"replies":[{"embeddable":true,"href":"https:\/\/www.mapamundimusica.com\/viguela\/wp-json\/wp\/v2\/comments?post=524"}],"version-history":[{"count":1,"href":"https:\/\/www.mapamundimusica.com\/viguela\/wp-json\/wp\/v2\/pages\/524\/revisions"}],"predecessor-version":[{"id":525,"href":"https:\/\/www.mapamundimusica.com\/viguela\/wp-json\/wp\/v2\/pages\/524\/revisions\/525"}],"wp:attachment":[{"href":"https:\/\/www.mapamundimusica.com\/viguela\/wp-json\/wp\/v2\/media?parent=524"}],"curies":[{"name":"wp","href":"https:\/\/api.w.org\/{rel}","templated":true}]}}

<div id="fb-root"></div>
<p></p>
<h3 style="text-align: center;">Gracias, gente increíble que decís estas cosas sobre nosotros:</h3>
<blockquote><p>«No puedo guardármelo para mí. Tuve la oportunidad de escuchar a Vigüela en directo al fin!!!! Guau… realmente me gustaron… Realmente asombroso… de verdad.» <em>Zsuzsanna Kerényi. Cultural manager, Hungarian Heritage House</em></p>
<p>«Vigüela are so authentic and sincere in their performance that the emotion of the songs is understood regardless of the language barrier and cultural difference […] Musicians, like magicians, took all these instruments «from the hat,» and we, as children, watched enthusiastically what was happening on stage.» <em>Ivana Ljubinković, Magazin Etnoumlje</em></p>
<p>«Tras décadas de fusiones flamencas y mezclas mestizas, probablemente España está en urgente necesidad de algo de música de raíz cruca y sincera. […] El grupo Vigüela tiene la acreditación definitiva.”<em> Chris Moss. Songlines, Julio 2017</em></p>
<p>«Spanish virtuosos». «Castañuelas, cucharas, instrumentos de cocina, cencerros… en las manos de Vigüela se convierten en brillante música». «Absolutamente brillante». «Rústico, sustancioso, fantástico sonido». <em>Comentarios en BBC-Radio 3 sobre su concierto en Womad UK escenario Charlie Gillet.</em></p>
<p>«Maravillosa propuesta. Lo encuentro lleno de creatividad, optimismo y alegría.» <em>Daniel Sheehy (EEUU), curador y director de Smithsonian Folkways, EEUU</em></p>
<p>«Voces poderosas desde lo profundo de su ser traspasan mi mente y golpean directas al centro de mi corazón. Algo esencial está ocurriendo: un mensaje musical desde el centro de España, único y, a la vez, universal.» <em>Janusz Prusinowski (Polonia), artista y director del festival Mazurcas del Mundo de Varsovia, acerca de Vigüela</em></p></blockquote>
<p></p>

<p>Gracias, gente increíble que decís estas cosas sobre nosotros: «No puedo guardármelo para mí. Tuve la oportunidad de escuchar a Vigüela en directo al fin!!!! Guau… realmente me gustaron… Realmente asombroso… de verdad.» Zsuzsanna Kerényi. Cultural manager, Hungarian Heritage House «Vigüela are so authentic and sincere in their performance that the emotion of the songs is [&hellip;]</p>
