{"id":1229,"date":"2019-10-30T14:17:21","date_gmt":"2019-10-30T14:17:21","guid":{"rendered":"http:\/\/www.mapamundimusica.com\/?page_id=1229"},"modified":"2022-02-16T20:35:12","modified_gmt":"2022-02-16T19:35:12","slug":"entavia","status":"publish","type":"page","link":"https:\/\/www.mapamundimusica.com\/en\/entavia\/","title":{"rendered":"Entav\u00eda"},"content":{"rendered":"<p><\/p>\n<h1 style=\"text-align: center;\"><span style=\"color: #ff6600;\">ENTAV\u00cdA<\/span><\/h1>\n<p><img loading=\"lazy\" decoding=\"async\" class=\"aligncenter wp-image-1602\" src=\"http:\/\/www.mapamundimusica.com\/wp-content\/uploads\/2020\/02\/campo-1024x683.jpg\" alt=\"\" width=\"701\" height=\"468\" srcset=\"https:\/\/www.mapamundimusica.com\/wp-content\/uploads\/2020\/02\/campo-1024x683.jpg 1024w, https:\/\/www.mapamundimusica.com\/wp-content\/uploads\/2020\/02\/campo-300x200.jpg 300w, https:\/\/www.mapamundimusica.com\/wp-content\/uploads\/2020\/02\/campo-768x512.jpg 768w, https:\/\/www.mapamundimusica.com\/wp-content\/uploads\/2020\/02\/campo.jpg 1300w\" sizes=\"auto, (max-width: 701px) 100vw, 701px\" \/><\/p>\n<p>&nbsp;<\/p>\n<h1><span style=\"font-size: 18pt;\"><strong>MEMBERS:\u00a0<\/strong><\/span><\/h1>\n<p><strong>Cele Hern\u00e1ndez<\/strong> \u2013 voice <strong>\/ Javier Montes<\/strong> \u2013 flutes, gaita charra, percussions <strong>\/<\/strong> <strong>David Jim\u00e9nez \u201cTevi\u201d<\/strong> \u2013 Spanish guitar <strong>\u00a0\/<\/strong> <strong>Emilio Cordero \u201cMichu\u201d<\/strong> \u2013 clarinet, cuatro, taisho koto <strong>\/<\/strong> <strong>\u00d3scar L\u00f3pez<\/strong> \u2013 bass, doublebass<\/p>\n<p>&nbsp;<\/p>\n<h1>WHAT IS ENTAV\u00cdA<\/h1>\n<p>Roots attached to the past and wings to fly towards the future&#8230; Entav\u00eda is a project born in Salamanca, made up of like-minded musicians. Entav\u00eda released their first album, <em>Ra\u00edces con Alas<\/em>, in 2017. And in Autumn of 2021 they released their second work: <em>Arando \u00d1ieve<\/em> (Plowing Snow). They have played massively in Spain and have performed also in Portugal and Greece. This second album will be the definitive boost for their international career.<\/p>\n<p>Entav\u00eda is the same as \u201ctodav\u00eda\u201d (\u201cstill\u201d) in the variation of Salamanca.<\/p>\n<p>The culture of their region, Salamanca, is nourished by influences from the south, with the travellers who travelled along the V\u00eda de la Plata (the Route of the Silver), the way to Santiago from Seville, a route for pilgrims, goods and ideas. Entav\u00eda also draws from multiple sources: from the village music of its people and those travellers, from the tradition of the &#8220;copla&#8221; (the Spanish equivalent of the fado or tango) of the 1930s and from visionary poets such as Miguel de Unamuno.<\/p>\n<p>And if music is characterised by anything, it is for being a light baggage that accompanies the traveller without asking for anything in return. Spanish music travelled to America and bore fruit there, which now also inspires music on this side of the Atlantic. Entav\u00eda also pays tribute to the music of our American brothers.<\/p>\n<p>The main styles for dancing in the region are charro, charrada and, of course, the jota, present all over Spain.<\/p>\n<h1>DISCOGRAPHY:<\/h1>\n<p>The band has two selfproduced albums: Ra\u00edces con Alas (roots with wings) and Arando \u00d1ieve (plowing snow<\/p>\n<table style=\"border-collapse: collapse; width: 100%;\">\n<tbody>\n<tr>\n<td style=\"width: 50%;\"><img loading=\"lazy\" decoding=\"async\" class=\" aligncenter\" src=\"https:\/\/pindongas.com\/wp-content\/uploads\/2018\/05\/entavia-web.jpg\" width=\"312\" height=\"280\" \/><\/td>\n<td style=\"width: 50%;\"><img loading=\"lazy\" decoding=\"async\" class=\"alignnone \" src=\"https:\/\/dg9aaz8jl1ktt.cloudfront.net\/uploaded_files\/000\/336\/195\/verkami_a40317a45017b24e22612fca03324931.jpg?1634805118\" width=\"281\" height=\"281\" \/><\/td>\n<\/tr>\n<\/tbody>\n<\/table>\n<p>&nbsp;<\/p>\n<p><iframe loading=\"lazy\" src=\"https:\/\/www.youtube.com\/embed\/JehnoEJcaIo\" width=\"365\" height=\"280\" frameborder=\"0\" allowfullscreen=\"allowfullscreen\"><\/iframe>\u00a0 <iframe loading=\"lazy\" src=\"https:\/\/www.youtube.com\/embed\/GTn8CuR3YKc\" width=\"365\" height=\"280\" frameborder=\"0\" allowfullscreen=\"allowfullscreen\"><\/iframe><\/p>","protected":false},"excerpt":{"rendered":"<p>ENTAV\u00cdA &nbsp; MEMBERS:\u00a0 Cele Hern\u00e1ndez \u2013 voice \/ Javier Montes \u2013 flutes, gaita charra, percussions \/ David Jim\u00e9nez \u201cTevi\u201d \u2013 Spanish guitar \u00a0\/ Emilio Cordero \u201cMichu\u201d \u2013 clarinet, cuatro, taisho koto \/ \u00d3scar L\u00f3pez \u2013 bass, doublebass &nbsp; WHAT IS ENTAV\u00cdA Roots attached to the past and wings to fly towards the future&#8230; Entav\u00eda is [&hellip;]<\/p>\n","protected":false},"author":1,"featured_media":0,"parent":0,"menu_order":0,"comment_status":"closed","ping_status":"closed","template":"","meta":{"footnotes":""},"class_list":["post-1229","page","type-page","status-publish","hentry"],"_links":{"self":[{"href":"https:\/\/www.mapamundimusica.com\/en\/wp-json\/wp\/v2\/pages\/1229","targetHints":{"allow":["GET"]}}],"collection":[{"href":"https:\/\/www.mapamundimusica.com\/en\/wp-json\/wp\/v2\/pages"}],"about":[{"href":"https:\/\/www.mapamundimusica.com\/en\/wp-json\/wp\/v2\/types\/page"}],"author":[{"embeddable":true,"href":"https:\/\/www.mapamundimusica.com\/en\/wp-json\/wp\/v2\/users\/1"}],"replies":[{"embeddable":true,"href":"https:\/\/www.mapamundimusica.com\/en\/wp-json\/wp\/v2\/comments?post=1229"}],"version-history":[{"count":11,"href":"https:\/\/www.mapamundimusica.com\/en\/wp-json\/wp\/v2\/pages\/1229\/revisions"}],"predecessor-version":[{"id":2996,"href":"https:\/\/www.mapamundimusica.com\/en\/wp-json\/wp\/v2\/pages\/1229\/revisions\/2996"}],"wp:attachment":[{"href":"https:\/\/www.mapamundimusica.com\/en\/wp-json\/wp\/v2\/media?parent=1229"}],"curies":[{"name":"wp","href":"https:\/\/api.w.org\/{rel}","templated":true}]}}

Entavía

<p></p>
<h1 style="text-align: center;"><span style="color: #ff6600;">ENTAVÍA</span></h1>
<p><img loading="lazy" decoding="async" class="aligncenter wp-image-1602" src="http://www.mapamundimusica.com/wp-content/uploads/2020/02/campo-1024x683.jpg" alt="" width="701" height="468" srcset="https://www.mapamundimusica.com/wp-content/uploads/2020/02/campo-1024x683.jpg 1024w, https://www.mapamundimusica.com/wp-content/uploads/2020/02/campo-300x200.jpg 300w, https://www.mapamundimusica.com/wp-content/uploads/2020/02/campo-768x512.jpg 768w, https://www.mapamundimusica.com/wp-content/uploads/2020/02/campo.jpg 1300w" sizes="auto, (max-width: 701px) 100vw, 701px" /></p>
<p>&nbsp;</p>
<h1><span style="font-size: 18pt;"><strong>MEMBERS: </strong></span></h1>
<p><strong>Cele Hernández</strong> – voice <strong>/ Javier Montes</strong> – flutes, gaita charra, percussions <strong>/</strong> <strong>David Jiménez “Tevi”</strong> – Spanish guitar <strong> /</strong> <strong>Emilio Cordero “Michu”</strong> – clarinet, cuatro, taisho koto <strong>/</strong> <strong>Óscar López</strong> – bass, doublebass</p>
<p>&nbsp;</p>
<h1>WHAT IS ENTAVÍA</h1>
<p>Roots attached to the past and wings to fly towards the future&#8230; Entavía is a project born in Salamanca, made up of like-minded musicians. Entavía released their first album, <em>Raíces con Alas</em>, in 2017. And in Autumn of 2021 they released their second work: <em>Arando Ñieve</em> (Plowing Snow). They have played massively in Spain and have performed also in Portugal and Greece. This second album will be the definitive boost for their international career.</p>
<p>Entavía is the same as “todavía” (“still”) in the variation of Salamanca.</p>
<p>The culture of their region, Salamanca, is nourished by influences from the south, with the travellers who travelled along the Vía de la Plata (the Route of the Silver), the way to Santiago from Seville, a route for pilgrims, goods and ideas. Entavía also draws from multiple sources: from the village music of its people and those travellers, from the tradition of the &#8220;copla&#8221; (the Spanish equivalent of the fado or tango) of the 1930s and from visionary poets such as Miguel de Unamuno.</p>
<p>And if music is characterised by anything, it is for being a light baggage that accompanies the traveller without asking for anything in return. Spanish music travelled to America and bore fruit there, which now also inspires music on this side of the Atlantic. Entavía also pays tribute to the music of our American brothers.</p>
<p>The main styles for dancing in the region are charro, charrada and, of course, the jota, present all over Spain.</p>
<h1>DISCOGRAPHY:</h1>
<p>The band has two selfproduced albums: Raíces con Alas (roots with wings) and Arando Ñieve (plowing snow</p>
<table style="border-collapse: collapse; width: 100%;">
<tbody>
<tr>
<td style="width: 50%;"><img loading="lazy" decoding="async" class=" aligncenter" src="https://pindongas.com/wp-content/uploads/2018/05/entavia-web.jpg" width="312" height="280" /></td>
<td style="width: 50%;"><img loading="lazy" decoding="async" class="alignnone " src="https://dg9aaz8jl1ktt.cloudfront.net/uploaded_files/000/336/195/verkami_a40317a45017b24e22612fca03324931.jpg?1634805118" width="281" height="281" /></td>
</tr>
</tbody>
</table>
<p>&nbsp;</p>
<p><iframe loading="lazy" src="https://www.youtube.com/embed/JehnoEJcaIo" width="365" height="280" frameborder="0" allowfullscreen="allowfullscreen"></iframe>  <iframe loading="lazy" src="https://www.youtube.com/embed/GTn8CuR3YKc" width="365" height="280" frameborder="0" allowfullscreen="allowfullscreen"></iframe></p>

<p>ENTAVÍA &nbsp; MEMBERS:  Cele Hernández – voice / Javier Montes – flutes, gaita charra, percussions / David Jiménez “Tevi” – Spanish guitar  / Emilio Cordero “Michu” – clarinet, cuatro, taisho koto / Óscar López – bass, doublebass &nbsp; WHAT IS ENTAVÍA Roots attached to the past and wings to fly towards the future&#8230; Entavía is [&hellip;]</p>
